*f + 6*s - 848. What is the tens digit of f?
0
Suppose 6*g + 85 = -203. Let c = 197 + g. What is the tens digit of c?
4
Suppose -3*b + k = -322, 2*b - 208 = -0*b + 2*k. Suppose 3*l + 5*o = -b + 23, l - 3*o = -38. Let i = l - -68. What is the units digit of i?
6
Let o(a) be the second derivative of 3*a**5/4 - a**4/6 + a**3/2 - 2*a**2 - 2*a. Let r be o(3). Suppose -5*t - 37 = -r. What is the units digit of t?
1
Let n(t) = t**3 + 8*t**2 + 6*t + 39. Let o = -129 - -124. What is the units digit of n(o)?
4
What is the tens digit of (11/((-132)/3546))/(2/(-4))?
9
Let h = 33 + -19. Let r = h - 10. Suppose -z - r*z + 125 = 0. What is the units digit of z?
5
Suppose -b + 368 + 791 = 0. What is the hundreds digit of b?
1
What is the thousands digit of 602/(-14)*(-3 + -28)?
1
Let j(z) = -2*z - 10. Let c be j(-5). Suppose c = 3*v + 12 - 3, -4*v = m + 11. What is the units digit of m?
1
Let g(k) = k**3 - 3*k**2 - 2*k + 1. Let d be g(4). Suppose -3 = 3*y - d. Suppose y*p + 4*b = 5*p - 20, -4*b = 4*p - 36. What is the units digit of p?
8
Let i(a) = -a**2 + a + 179. Let k be i(0). Suppose -h + 2*u = 3*u - k, -6 = 3*u. What is the hundreds digit of h?
1
Let r(u) = u**3 - 7*u**2 + 8*u + 8. What is the units digit of r(7)?
4
Suppose -6*t = -298 - 14. Let a = t - 14. What is the units digit of a?
8
Let o = 1450 - 624. Suppose -9*s + o = -2*s. What is the units digit of s?
8
Suppose 5*i = -2*h + 792, 0 = 2*h - 2*i - 358 - 406. Suppose -3*g - h = -2*l + g, -4*g = -12. What is the units digit of l?
9
What is the tens digit of (8328/(-18))/(16/(-12))?
4
Suppose -7*b = 1261 - 5181. What is the tens digit of b?
6
Let g = -24 + 24. Suppose g = -o + 1. What is the units digit of o?
1
Let s = -257 + 697. What is the units digit of s?
0
What is the units digit of (-1)/10 + (-13504)/(-640)?
1
Let l(m) = 29*m**2 + 7*m - 2. What is the hundreds digit of l(4)?
4
Suppose -719 = -5*z - 2*m, -35 = -4*z - 4*m + 533. Let x = -15 + z. What is the hundreds digit of x?
1
Let l(q) = 4*q - 3*q - 9 + q. Let w be l(6). Suppose w*m + m = 104. What is the units digit of m?
6
Suppose -4*k = 3*z - 63, 5*k - 41 = -5*z + 44. Let g be ((-2)/2)/((-1)/13). Let h = g - k. What is the units digit of h?
1
Suppose -349 = -2*p + 91. Suppose -5*a + 0*a + p = 0. What is the tens digit of a?
4
What is the hundreds digit of 5/(-7 + 12)*797?
7
Let k(j) = -j**3 + 5*j**2 + 6*j + 3. Let x be k(6). Suppose -x*m + 92 + 31 = 0. What is the units digit of m?
1
Let c(b) = -b**2 + 15*b + 5. Let t be (-30)/(-2) + (-5 - -4). Let u be c(t). Let h = 27 - u. What is the units digit of h?
8
Suppose 0 = -2*j + u - 2*u - 17, 0 = -5*j + 4*u - 49. What is the hundreds digit of (j - -7 - -4)*231/2?
2
Let j(l) = 6*l - 33. Let x be j(6). Suppose t + 2*y = 82 + 30, 5*y = -x*t + 331. What is the hundreds digit of t?
1
Suppose 13034 = 60*q - 41*q. What is the units digit of q?
6
Let t = 620 + -361. Let r = t + -154. What is the hundreds digit of r?
1
Let q(j) = -7*j - 10. Let o be q(-21). Suppose 212 = 2*p + 5*l, 143 = 3*p - 2*l - o. What is the units digit of p?
6
Let z = 1272 + -756. Suppose -2*y + 488 = 4*f, 3*f - 5*y - z = -f. What is the units digit of f?
4
Let a(z) = z**3 + 8*z**2 + 13*z + 7. Let h be a(-6). Let d be ((-66)/154)/(h/(-7)). What is the units digit of 32 - ((-6)/d + 1)?
3
Let h = 2 + -5. Let z(f) = -4*f**3 - 5*f**2 - 2*f. What is the tens digit of z(h)?
6
Let s be (-2704)/(-56) - 4/14. Suppose -51*a + s*a + 336 = 0. What is the units digit of a?
2
Let b = -996 - -1464. What is the units digit of b?
8
Suppose 180 = -33*c - 117. Let d(z) be the third derivative of z**6/120 + z**5/6 + 5*z**4/24 - z**3 - z**2. What is the units digit of d(c)?
0
Suppose 6*x = 876 + 1350. What is the tens digit of x?
7
Let u(d) = d**3 + 1. Let t(n) = -64*n**3 - n**2 - 2*n - 5. Let z(h) = t(h) + 3*u(h). What is the tens digit of z(-1)?
6
Let q(n) = 7*n + 5. Let v(g) = -g**3 + 11*g**2 - 2. Let d be v(11). Let f be (d - -14) + -4 - 4. What is the units digit of q(f)?
3
Suppose 3*v = 5*t - 2446 - 956, 0 = 4*t + 3*v - 2727. What is the tens digit of t?
8
Let t = 16 - -3. Let a be t + -1 + 1 + -1. Suppose a = 3*f - 45. What is the units digit of f?
1
Let w be (-2)/(-4) + (-11)/22. Suppose -f - 3*f + 208 = w. What is the units digit of f?
2
Let b(u) = 5*u - 9. Let x be b(2). Let a = 6 - x. What is the units digit of a?
5
Suppose -2*r = 4*h + 28, 0 = 2*h - 0*r - 4*r + 24. Suppose 4*t + 16 = 0, -23 = n - 2*n + 2*t. Let u = h + n. What is the units digit of u?
7
Suppose 27*c - 31*c + 1284 = 0. What is the units digit of c?
1
Let g be (-3)/9*-3 + -4. Let p = g - -7. Suppose -k + 7 + p = 0. What is the tens digit of k?
1
Let w(i) = -i**3 + 2*i**2 + 5*i - 4. Let l be w(3). Let k be (l/(-4))/(9/828). Let p = k + 77. What is the units digit of p?
1
Let s = 526 + -359. What is the tens digit of s?
6
Let q(j) = -134*j - 667. What is the tens digit of q(-20)?
1
Suppose -5*a + 5*t = -10, -2*t - 19 = -5*a - 0*t. Suppose -8*w = -195 - 93. Suppose 4*u - 34 = a*j - 94, 3*j - w = u. What is the tens digit of j?
1
Suppose 5*d = 114 + 201. Let u be (16/(-2))/((-7)/84). Let y = u - d. What is the units digit of y?
3
Suppose -3*y - 844 = -7*y. What is the hundreds digit of y?
2
Suppose 589*n + 18664 = 597*n. What is the thousands digit of n?
2
Let j = 400 - 197. Let s = j - 168. What is the tens digit of s?
3
Let y(g) = 10*g - 9. Suppose -5 = 5*k - 25. What is the units digit of y(k)?
1
Suppose 4 = 2*j - 2. Suppose -1 = -q - 4*t, 2*q - 3 + 1 = j*t. What is the units digit of (-1 - 3)/(q/(-6))?
4
Let a = 462 - 314. What is the hundreds digit of a?
1
Suppose -3438 = -8*w - w. What is the units digit of w?
2
Let m = 258 - 286. Suppose -5*j - 6*r = -3*r + 101, 4*j - 5*r = -103. Let i = j - m. What is the units digit of i?
6
What is the units digit of (-4)/6 - 4569/(-9)?
7
Suppose 26368 = 432*a - 416*a. What is the hundreds digit of a?
6
Let w = -3 + 11. Let h = 53 + -50. Suppose -h*p - 175 = -w*p. What is the tens digit of p?
3
Let i = -889 - -3300. What is the units digit of i?
1
What is the tens digit of (-78)/(-91) - (-2313)/21?
1
Let p(m) = -m**2 + m + 25. Suppose 4*a + 2*b - 16 = 3*b, -4*a + 12 = -2*b. Suppose -14 + 2 = a*n - 4*c, -2*c = 2*n - 6. What is the tens digit of p(n)?
2
Suppose -l + 4 = -4. Let i = 33 - 34. Let u = l - i. What is the units digit of u?
9
Let n(d) = d**3 + 4*d**2 + 6. Let v be n(-5). Let l = v - -29. What is the tens digit of l?
1
Let i(a) = -30*a**3 + a**2 + a + 4. What is the hundreds digit of i(-2)?
2
Let a(j) = j**2 - 7*j - 6. Let k be a(8). Let d be 0/(-3) + 0 + k. Suppose 2*o - 58 = o - 2*i, d*i - 190 = -3*o. What is the units digit of o?
6
Let b be -3 + 4 + -61 + -4. Let v = b - -80. What is the units digit of v?
6
Let a be ((-4)/(-5))/(8/480). Let x = a + -26. Suppose -x*v + 39 = -19*v. What is the tens digit of v?
1
Suppose -2*j - i + 641 = 0, 3*j + 975 = 6*j - 3*i. Suppose -15 = -5*h, -2*n - 4*h = -6*h - j. Suppose k = 5*k - n. What is the tens digit of k?
4
What is the hundreds digit of (7176/(-20))/(4/(-10))?
8
Suppose -q = -4*q + 5*k + 187, -4*q - 3*k + 201 = 0. What is the units digit of q?
4
Suppose -70 = 5*y - 10*y. Let t be (-1 - -3)/(y/49). Suppose 3*v + 100 = t*v. What is the tens digit of v?
2
Suppose 0*h + o = 4*h - 5449, 2*o + 2720 = 2*h. What is the hundreds digit of h?
3
Let p be (-1343)/(-9) - (-12)/(-54). Suppose -p + 39 = -5*x. Suppose 0 = g - q - x, 4*g + 0*g = -2*q + 76. What is the tens digit of g?
2
Suppose 0 = 2*q - 6*q + 1328. Suppose 6*d - 10*d = -q. Let w = d - 49. What is the tens digit of w?
3
Suppose -8*n + 30 = -3*n. Suppose -n*m - 163 = 305. What is the tens digit of ((-20)/8)/5*m?
3
Let j be 188/3 - 12/(-9). Suppose -2*s - j = -6*s. What is the units digit of s?
6
Let b = 16 + 14. Let c be (-24)/(b/(-7) + 4). Suppose -3*d + c = -d. What is the tens digit of d?
4
Suppose 102*t - 98*t = -72. What is the units digit of (t/30)/(3/(-195))?
9
Let c be 0 - (1 + -3 + -89). Let d be -3 - -2 - 65 - -1. Let n = c + d. What is the units digit of n?
6
Let k(s) = 19*s**2 - 8*s + 165. What is the tens digit of k(16)?
0
Suppose 2555 = 4*n - 3*d, -d - 632 = -n + 2*d. What is the hundreds digit of n?
6
Let k(a) = 8*a**3 - 15*a**2 + 5*a + 90. What is the thousands digit of k(9)?
4
Suppose -5*d = 5*r - 500, -4*r